 Suppose -4*f + 175 = -j. Let c(v) = 109*v - 2162. What is the remainder when f is divided by c(20)?
16
Suppose -r = 5*r. Suppose 5*g - 1 - 29 = r. What is the remainder when ((-9)/12)/((-2)/40) is divided by g?
3
Suppose 0 = 2*t - 1156 + 130. Let j = t + -320. Calculate the remainder when j is divided by 49.
46
Suppose 0 = 3*l - 6*l. Suppose -4*q - 3*t = t - 232, l = 3*q + 5*t - 170. What is the remainder when q is divided by 21?
18
Let n be (2/(-3))/((-2)/6). Let s = n - -15. Suppose 5*k = -3*c + 196, -9*k + 5*k = 3*c - 197. Calculate the remainder when c is divided by s.
16
Suppose -43 = l - 25. Calculate the remainder when l/(-1) + (-3)/(-1) is divided by 18/(((-9)/(-6))/1).
9
Let a(o) = 34*o**3 + 2*o**2 - 2*o + 1. Suppose 5*d - 38 = 3*d - 5*h, -2*d - 4*h + 34 = 0. Calculate the remainder when a(1) is divided by d.
8
Let f(w) = -w**2 - 3*w + 2. Let j be f(-3). Suppose -10*n + 84 = j*n. What is the remainder when 39 is divided by n?
4
Suppose 505 = -9*i - 422. Let f = 156 + i. Calculate the remainder when 105 is divided by f.
52
Let c = 21 + -9. Suppose 4*i + 7 = -113. Let u = 76 + i. What is the remainder when u is divided by c?
10
Suppose 19*p - 31*p + 240 = 0. What is the remainder when 49 is divided by p?
9
Let t(l) = 672*l**2 + 16*l - 15. What is the remainder when t(1) is divided by 27?
25
Let q = 376 + -102. What is the remainder when q is divided by 94?
86
Let i = 56 - 41. Let u(l) = 2*l - 16. What is the remainder when u(i) is divided by 5?
4
Suppose l - 4 = 3. Let a(d) = 29*d + 3. Let o(w) = -14*w - 1. Let h(g) = 2*a(g) + 5*o(g). What is the remainder when h(-1) is divided by l?
6
Let l be (-19)/(-5) + 20/(-25). Suppose -l*a + 4*s = -34, a - 16 = -2*s + 12. What is the remainder when 33 is divided by a?
15
Let q = 176 - -16. Suppose q = -c + 7*c. Calculate the remainder when c is divided by 11.
10
Suppose 0 = 3*s - 217 + 10. What is the remainder when s is divided by 19?
12
Let y = 4 + -6. Let c be 2*(-8)/((-48)/54). Let z = c + y. What is the remainder when 27 is divided by z?
11
Suppose 5*g = 2*s + 76, -64 = 3*s - 3*g + 8*g. Let z be 2/(-7) + 972/s. Calculate the remainder when 7 is divided by (21/z)/(2/(-10)).
1
Suppose -31 = -2*o - 5*a, o - 4*a + 2 - 11 = 0. Calculate the remainder when o is divided by ((-4)/(-10))/((-8)/(-80)).
1
What is the remainder when 230 is divided by (-53)/(-5) - 8/(-20)?
10
Suppose 12*n - 7*n = 110. Suppose 5*c + n = 52. Calculate the remainder when 1/4 - 35/(-4) is divided by c.
3
Calculate the remainder when 416 is divided by 16/2 - (11 - 37).
8
Calculate the remainder when 113 is divided by (54/(-7))/((-6)/28).
5
Let q = 3 + -10. Let k(v) = -v**2 - 5*v + 10. Let i be k(q). Calculate the remainder when 98*3/6 - i is divided by 18.
17
Let u = 1436 + -1388. Calculate the remainder when 231 is divided by u.
39
Let u = -71 - -92. Calculate the remainder when 41 is divided by u.
20
What is the remainder when (-76)/(-57)*(-762)/(-4) is divided by 8?
6
What is the remainder when (-20604)/(-46) + (-22)/(-253) is divided by 41?
38
Suppose 0 = -4*g + 5*j - 2*j + 1063, g = 4*j + 269. Suppose 0 = -7*q + 792 + g. What is the remainder when q is divided by 38?
37
Suppose 2*u - 52 = -4*q, -4*q + 44 = -2*u - 0*u. Let c = -6 + 8. Suppose 5*b - c*k = 159, -b = -2*k - 0*k - 27. Calculate the remainder when b is divided by q.
9
Let j(i) = 3*i**2 - 13*i - 21. Let g be j(-4). Let f = -19 + g. What is the remainder when 117 is divided by f?
57
Let l = -11 - -42. Let c(o) = -8*o**3 + 1. Let k be c(1). Let n = k + 15. Calculate the remainder when l is divided by n.
7
Suppose -799*i = -802*i + 543. Calculate the remainder when i is divided by 22.
5
Calculate the remainder when 2968/210 - (-4)/(-30) is divided by 2.
0
Let p be (-20)/(-10) + 193/1. Let q = -132 + p. What is the remainder when q is divided by 33?
30
Let g = 27 - 23. Suppose 5*s - 4*l = 22, -4*s = -g*l + l - 17. Let h = 18 + s. What is the remainder when 37 is divided by h?
17
What is the remainder when 246 is divided by (-2 + 11/4)/((-3)/(-124))?
29
Let q = -12187 - -12237. Let h = 17 - 29. Let o = 30 + h. What is the remainder when q is divided by o?
14
Suppose 4*c + 20 = 0, 3*b - 145 = 16*c - 14*c. What is the remainder when 175 is divided by b?
40
Let a be -7*(-5)/((-5)/(-3)). Suppose -18 = -5*z + b, 4*z - 2*b - a = b. Let p = 6 + z. What is the remainder when 25 is divided by p?
7
Let h = -30 + 30. Suppose -2*d + 18 + 8 = h. Calculate the remainder when d is divided by 4.
1
Calculate the remainder when 87 is divided by 1/(-8) + 5 + 201/8.
27
Let p(m) = -2*m**3 + 45*m**2 - 52*m - 125. Calculate the remainder when p(21) is divided by 98.
8
Suppose -3*t - 323 = -2*o, -10*t - 363 = -2*o - 15*t. What is the remainder when o is divided by 22?
15
Suppose 21 = 2*d - 11. Let t = d + -24. Let c = t - -15. What is the remainder when 27 is divided by c?
6
Suppose -3*s = -c - 158, -151*c + 156*c - 111 = -2*s. Calculate the remainder when s is divided by 19.
15
Suppose c - 41 = -3*m - 12, 2*m + 10 = 0. Let o = c - 5. What is the remainder when o is divided by 6?
3
Let v(z) = z**2 + 13*z - 16. Let g be 11/3 + -3 - (-400)/(-6). Let q = g + 92. Calculate the remainder when q is divided by v(-15).
12
Let c(v) = 23*v**3 - 3*v**2 + 6*v - 2. Let j(d) = -d**3 + d**2 - d. Let b(h) = c(h) + 3*j(h). What is the remainder when 57 is divided by b(1)?
15
Let x = -4 - -19. Let w = x + -22. Let c = w + 48. What is the remainder when c is divided by 11?
8
Let q = 40 + -61. Let g = 3 + q. What is the remainder when 29 is divided by 606/54 + 4/g?
7
Suppose -280 = -4*x - 44. What is the remainder when 110 is divided by x?
51
Suppose 3*j - 5*t = 44, 2*t - 8 = -2*j - 0*t. Calculate the remainder when 55 is divided by j.
7
Let n be 8/36*-15*(-234)/15. Let x = n + -44. What is the remainder when 13 is divided by x?
5
Let t(w) = 14*w**2 + w. Let p be t(1). Suppose 75 = 5*g + p. Calculate the remainder when 21 is divided by g.
9
Suppose -5*p = -4*p - 13. Let m(g) = -g**3 + 7*g**2 + 7*g + 1. What is the remainder when m(7) is divided by p?
11
Let k = -1146 + 1199. Calculate the remainder when 203 is divided by k.
44
Let d(s) = 44*s**2 - 50*s - 48. Calculate the remainder when 168 is divided by d(-1).
30
Suppose 0 = 4*t - 6*t + 12. Let i be (-45)/t*14/(-21). Let o = i + 1. What is the remainder when o is divided by 3?
0
What is the remainder when 85 is divided by 7 + 176/8 - -4?
19
Suppose 0 = m + 2*l - 16, -5*l = -4*m + 8*m - 61. Suppose 0 = i - 0*i - 25. Calculate the remainder when i is divided by m.
11
Let z(h) = -2*h**3 + 6*h**2 + 18*h + 3. Calculate the remainder when z(-6) is divided by 78.
75
Let t = 57 - 62. Calculate the remainder when 22 is divided by 348/30 + ((-4)/t)/2.
10
Let w(n) = -n**2 - 12*n + 3. What is the remainder when 35 is divided by w(-12)?
2
Calculate the remainder when 202 is divided by -2 + 16/(-28) + 265/35.
2
Let x(a) = -a**2 - 8*a + 18. Let v be x(-10). What is the remainder when 17 is divided by 15/v*(-36)/54?
2
Let r(k) = 13*k + 61. Let s(i) = 84*i + 396. Let j(c) = 32*r(c) - 5*s(c). What is the remainder when 10 is divided by j(-8)?
2
Let h(z) = 2*z**3 - 14*z**2 + 40*z - 9. What is the remainder when h(7) is divided by 12?
7
Suppose s = 5*b + 22, -b - 3*b = 16. Suppose 5*o - 201 = s*o. What is the remainder when o is divided by 14?
11
Let m be (-6)/(-12) - (-14)/4. Calculate the remainder when 27 is divided by ((-60)/16)/((-1)/m).
12
Suppose 0 = s - 5 + 1. Suppose -1 = 3*r - 4*r. What is the remainder when (r - (2 - 3)) + -2 + 6 is divided by s?
2
Suppose 9*h = 166 + 536. Let g(f) = f**3 + 12*f**2 - 16*f - 19. What is the remainder when h is divided by g(-13)?
18
Let v(k) be the third derivative of -k**6/60 - k**5/30 - k**4/24 - k**3/2 + k**2. Suppose 6*o - 65 = o. Calculate the remainder when v(-3) is divided by o.
10
Suppose -5*s + 84 = 4*j - s, 5*j - 111 = -2*s. Suppose -k = 4*w - 0*k - j, 11 = -2*w - 5*k. What is the remainder when 19 is divided by w?
5
Let d = 1854 + -1268. What is the remainder when d is divided by 28?
26
Let t = -913 + 925. Suppose 0*m = -2*m + 3*b + 52, 3*m - 5*b - 80 = 0. What is the remainder when m is divided by t?
8
Let f(z) = 19*z**2 - 1. What is the remainder when (-11)/(-66) - 466/(-12) is divided by f(-1)?
3
Let r = -3121 + 446